
True
Is 3054 a multiple of 38?
False
Is 497 a multiple of 13?
False
Is 13 a factor of 5070?
True
Does 11 divide 470?
False
Is 50022 a multiple of 21?
True
Is 75584 a multiple of 16?
True
Does 29 divide 2498?
False
Is 17 a factor of 2245?
False
Is 10 a factor of 7170?
True
Is 14 a factor of 13474?
False
Does 343 divide 13034?
True
Is 11468 a multiple of 174?
False
Does 6 divide 5897?
False
Is 9 a factor of 1413?
True
Is 14 a factor of 88671?
False
Is 1753 a multiple of 25?
False
Is 16 a factor of 5064?
False
Does 42 divide 1047?
False
Does 23 divide 39591?
False
Does 24 divide 24?
True
Is 399 a multiple of 19?
True
Does 4 divide 9788?
True
Does 145 divide 3480?
True
Is 37908 a multiple of 108?
True
Is 1138 a multiple of 117?
False
Is 39 a factor of 20631?
True
Is 54 a factor of 1508?
False
Is 1174 a multiple of 28?
False
Is 25 a factor of 50?
True
Does 2 divide 6?
True
Is 108 a factor of 2985?
False
Is 30 a factor of 5252?
False
Is 51 a factor of 14688?
True
Is 1260 a multiple of 6?
True
Is 90 a factor of 76127?
False
Is 66420 a multiple of 205?
True
Does 133 divide 5715?
False
Is 2160 a multiple of 12?
True
Does 16 divide 432?
True
Is 99 a factor of 17127?
True
Is 1260 a multiple of 4?
True
Does 87 divide 1392?
True
Is 22 a factor of 1804?
True
Is 1098 a multiple of 6?
True
Is 5835 a multiple of 17?
False
Is 41 a factor of 1769?
False
Does 56 divide 2010?
False
Is 34 a factor of 2686?
True
Does 5 divide 317?
False
Is 119 a factor of 96447?
False
Does 4 divide 176?
True
Is 532 a multiple of 7?
True
Is 284 a factor of 7049?
False
Is 49806 a multiple of 26?
False
Is 3250 a multiple of 26?
True
Does 30 divide 63109?
False
Is 14466 a multiple of 3?
True
Does 37 divide 35836?
False
Is 96 even?
True
Does 24 divide 16944?
True
Does 132 divide 2376?
True
Is 3094 a multiple of 119?
True
Does 7 divide 126?
True
Is 656 a multiple of 21?
False
Is 34 even?
True
Is 3655 a multiple of 13?
False
Does 57 divide 1767?
True
Is 81 a factor of 5673?
False
Is 6164 a multiple of 4?
True
Does 25 divide 800?
True
Is 2 a factor of 197?
False
Is 748 a multiple of 34?
True
Is 18415 a multiple of 6?
False
Does 13 divide 156?
True
Is 4 a factor of 28?
True
Is 2024 a multiple of 11?
True
Is 15 a factor of 9919?
False
Does 3 divide 59?
False
Is 51 a factor of 7293?
True
Does 7 divide 639?
False
Is 18 a factor of 703?
False
Is 3120 a multiple of 60?
True
Does 16 divide 1456?
True
Is 15 a factor of 713?
False
Is 569 a multiple of 3?
False
Is 65 a factor of 4875?
True
Is 95600 a multiple of 40?
True
Is 13 a factor of 4069?
True
Is 141 a factor of 76140?
True
Is 63 a factor of 1876?
False
Is 229 a factor of 95055?
False
Is 113 a factor of 76275?
True
Is 5 a factor of 7743?
False
Is 23 a factor of 45141?
False
Is 89 a multiple of 6?
False
Is 2554 a multiple of 43?
False
Is 17 a factor of 170?
True
Is 93797 a multiple of 22?
False
Is 93745 a multiple of 507?
False
Is 4829 a multiple of 53?
False
Is 8 a factor of 3123?
False
Is 8022 a multiple of 42?
True
Is 770 a multiple of 22?
True
Is 3655 a multiple of 43?
True
Does 9 divide 45?
True
Is 69 a factor of 1151?
False
Is 5 a factor of 247?
False
Is 14 a factor of 1554?
True
Does 36 divide 360?
True
Is 721 a multiple of 9?
False
Is 2295 a multiple of 17?
True
Is 767 a multiple of 10?
False
Does 9 divide 1197?
True
Is 410 a multiple of 54?
False
Is 2772 a multiple of 22?
True
Does 26 divide 1020?
False
Is 51316 a multiple of 68?
False
Is 1010 a multiple of 20?
False
Is 6 a factor of 2977?
False
Does 86 divide 24880?
False
Is 5 a factor of 14772?
False
Is 34198 a multiple of 106?
False
Is 24 a factor of 3336?
True
Is 13 a factor of 1937?
True
Does 45 divide 1116?
False
Is 17 a factor of 7905?
True
Is 943 a multiple of 68?
False
Does 10 divide 551?
False
Is 13 a factor of 221?
True
Does 29 divide 2697?
True
Is 49404 a multiple of 29?
False
Is 179 a multiple of 9?
False
Does 58 divide 7796?
False
Is 367 a multiple of 15?
False
Is 4683 a multiple of 9?
False
Is 8154 a multiple of 87?
False
Does 34 divide 185?
False
Is 87 a factor of 37063?
False
Is 6 a factor of 951?
False
Is 18 a factor of 12692?
False
Does 6 divide 1590?
True
Is 20 a factor of 1280?
True
Is 434 a multiple of 33?
False
Does 8 divide 1656?
True
Is 6 a factor of 73062?
True
Does 24 divide 9480?
True
Is 2607 a multiple of 25?
False
Is 287 a multiple of 20?
False
Does 83 divide 996?
True
Is 26 a factor of 13735?
False
Is 13652 a multiple of 29?
False
Is 36 a factor of 612?
True
Is 27 a factor of 4999?
False
Is 2354 a multiple of 22?
True
Does 372 divide 36589?
False
Does 7 divide 84?
True
Does 17 divide 1435?
False
Is 114 a factor of 381?
False
Does 20 divide 492?
False
Does 24 divide 480?
True
Does 11 divide 76065?
True
Is 120 a factor of 5604?
False
Is 20 a factor of 940?
True
Does 176 divide 22528?
True
Is 1884 a multiple of 44?
False
Is 74843 a multiple of 140?
False
Is 46 a factor of 3681?
False
Does 17 divide 7531?
True
Is 243 a factor of 152847?
True
Is 134 a multiple of 7?
False
Does 18 divide 13657?
False
Is 30 a factor of 3665?
False
Is 4 a factor of 4101?
False
Does 9 divide 225?
True
Is 357 a multiple of 3?
True
Is 23213 a multiple of 6?
False
Does 153 divide 4896?
True
Is 176 a factor of 36790?
False
Does 89 divide 48772?
True
Is 10 a factor of 30767?
False
Does 21 divide 5355?
True
Is 20 a factor of 1114?
False
Does 36 divide 17519?
False
Is 1584 a multiple of 72?
True
Is 6944 a multiple of 7?
True
Is 141 a multiple of 4?
False
Is 14 a factor of 20062?
True
Does 13 divide 15?
False
Does 62 divide 37200?
True
Does 57 divide 35310?
False
Does 6 divide 9337?
False
Is 78 a factor of 60011?
False
Does 98 divide 6076?
True
Is 22980 a multiple of 20?
True
Is 10 a factor of 450?
True
Is 18 a factor of 653?
False
Is 1007 a multiple of 19?
True
Is 232 a multiple of 2?
True
Is 30 a factor of 47850?
True
Is 1986 a multiple of 5?
False
Does 19 divide 760?
True
Does 6 divide 28397?
False
Is 305 a multiple of 61?
True
Does 12 divide 1656?
True
Does 195 divide 44460?
True
Is 1419 a multiple of 33?
True
Is 1284 a multiple of 6?
True
Does 50 divide 1248?
False
Is 92 a factor of 706?
False
Is 24046 a multiple of 11?
True
Is 30 a factor of 1470?
True
Is 2200 a multiple of 8?
True
Is 13 a factor of 279?
False
Does 21 divide 4761?
False
Does 3 divide 437?
False
Does 22 divide 4245?
False
Does 12 divide 3888?
True
Does 23 divide 6608?
False
Does 6 divide 289?
False
Is 5700 a multiple of 11?
False
Is 213 a factor of 17120?
False
Is 10 a factor of 581?
False
Is 1640 a multiple of 40?
True
Is 15 a factor of 12510?
True
Is 207 a factor of 89158?
False
Is 154 a factor of 78760?
False
Does 121 divide 88254?
False
Is 56 a factor of 7056?
True
Is 636 a multiple of 12?
True
Is 13 a factor of 24674?
True
Does 12 divide 10008?
True
Is 15657 a multiple of 225?
False
Is 3 a factor of 3487?
False
Does 191 divide 11078?
True
Does 5 divide 3793?
False
Is 1290 a multiple of 15?
True
Is 47036 a multiple of 22?
True
Is 9 a factor of 2871?
True
Is 119 a factor of 2975?
True
Is 3 a factor of 42?
True
Is 1875 a multiple of 44?
False
Is 126 a factor of 44100?
True
Is 37 a factor of 83814?
False
Is 17 a factor of 193?
False
Is 1309 a multiple of 82?
False
Is 18 a factor of 857?
False
Is 119 a factor of 6426?
True
Does 10 divide 2663?
False
Is 10 a factor of 570?
True
Does 38 divide 1543?
False
Is 9 a factor of 1800?
True
Is 420 a multiple of 20?
True
Is 12 a factor of 2316?
True
Is 15 a factor of 1665?
True
Does 53 divide 12741?
False
Does 7 divide 1756?
False
Does 44 divide 8421?
False
Is 499 a multiple of 7?
False
Is 61 a multiple of 46?
False
Does 14 divide 7958?
False
Is 40 a factor of 114?
False
Is 4532 a multiple of 20?
False
Does 7 divide 272?
False
Is 22 a factor of 616?
True
Is 21 a multiple of 12?
False
Is 3120 a multiple of 120?
True
Is 35 a factor of 9904?
False
Is 166 a multiple of 2?
True
Is 40 a factor of 4465?
False
Is 19513 a multiple of 247?
True
Is 17 a factor of 8803?
False
Is 5412 a multiple of 132?
True
Is 1758 a multiple of 165?
False
Does 98 divide 11105?
False
Is 59 a factor of 25252?
True
Is 9844 a multiple of 108?
False
Is 3 a factor of 64?
False
Does 138 divide 10568?
False
Is 265 a factor of 4191?
False
Does 54 divide 7884?
True
Is 30447 a multiple of 90?
False
Is 1442 a mu